{"version":"1.0","provider_name":"Rep\u00fablica de Palestina","provider_url":"https:\/\/republicpalestine.com\/es","author_name":"RepublicofPalestine","author_url":"https:\/\/republicpalestine.com\/es\/author\/jmhoriaadmin\/","title":"\"Los cuerpos caen pero la idea permanece\"","type":"rich","width":600,"height":338,"html":"<blockquote class=\"wp-embedded-content\" data-secret=\"I0o0MPDb6L\"><a href=\"https:\/\/republicpalestine.com\/es\/2025\/06\/30\/los-cuerpos-caen-pero-la-idea-permanece\/\">\u00abLos cuerpos caen pero la idea permanece\u00bb<\/a><\/blockquote><iframe sandbox=\"allow-scripts\" security=\"restricted\" src=\"https:\/\/republicpalestine.com\/es\/2025\/06\/30\/los-cuerpos-caen-pero-la-idea-permanece\/embed\/#?secret=I0o0MPDb6L\" width=\"600\" height=\"338\" title=\"\u00ab\u00abLos cuerpos caen pero la idea permanece\u00bb\u00bb \u2014 Rep\u00fablica de Palestina\" data-secret=\"I0o0MPDb6L\" frameborder=\"0\" marginwidth=\"0\" marginheight=\"0\" scrolling=\"no\" class=\"wp-embedded-content\"><\/iframe><script>\n\/*! This file is auto-generated *\/\n!function(d,l){\"use strict\";l.querySelector&&d.addEventListener&&\"undefined\"!=typeof URL&&(d.wp=d.wp||{},d.wp.receiveEmbedMessage||(d.wp.receiveEmbedMessage=function(e){var t=e.data;if((t||t.secret||t.message||t.value)&&!\/[^a-zA-Z0-9]\/.test(t.secret)){for(var s,r,n,a=l.querySelectorAll('iframe[data-secret=\"'+t.secret+'\"]'),o=l.querySelectorAll('blockquote[data-secret=\"'+t.secret+'\"]'),c=new RegExp(\"^https?:$\",\"i\"),i=0;i<o.length;i++)o[i].style.display=\"none\";for(i=0;i<a.length;i++)s=a[i],e.source===s.contentWindow&&(s.removeAttribute(\"style\"),\"height\"===t.message?(1e3<(r=parseInt(t.value,10))?r=1e3:~~r<200&&(r=200),s.height=r):\"link\"===t.message&&(r=new URL(s.getAttribute(\"src\")),n=new URL(t.value),c.test(n.protocol))&&n.host===r.host&&l.activeElement===s&&(d.top.location.href=t.value))}},d.addEventListener(\"message\",d.wp.receiveEmbedMessage,!1),l.addEventListener(\"DOMContentLoaded\",function(){for(var e,t,s=l.querySelectorAll(\"iframe.wp-embedded-content\"),r=0;r<s.length;r++)(t=(e=s[r]).getAttribute(\"data-secret\"))||(t=Math.random().toString(36).substring(2,12),e.src+=\"#?secret=\"+t,e.setAttribute(\"data-secret\",t)),e.contentWindow.postMessage({message:\"ready\",secret:t},\"*\")},!1)))}(window,document);\n<\/script>\n","thumbnail_url":"https:\/\/republicpalestine.com\/es\/wp-content\/uploads\/sites\/3\/2025\/06\/AzhmT.png","thumbnail_width":1759,"thumbnail_height":1040,"description":"\u064dSe cumplen 52 a\u00f1os del martirio del icono de las revoluciones argelina y palestina, el compa\u00f1ero y l\u00edder m\u00e1rtir Mohamed Boudia, o Abu Diyaa, como le apodaba nuestro compa\u00f1ero Wadie Haddad. El camarada Mohamed Boudia naci\u00f3 en 1932 en el barrio de la Casba, en Argel, capital de Argelia. Se uni\u00f3 a la revoluci\u00f3n argelina y se convirti\u00f3 en responsable de la c\u00e9lula de Par\u00eds, que llev\u00f3 a cabo varias operaciones contra el colonialismo franc\u00e9s y sus intereses entre 1957 y 1958, a\u00f1o en que fue detenido en Francia y condenado a 20 a\u00f1os de prisi\u00f3n. tres a\u00f1os mas tarde y, tras la independencia de Argelia, regres\u00f3 a su pa\u00eds para convertirse en director del Teatro Nacional Argelino, cuyos ingresos durante la temporada estival destinaba a Palestina.El compa\u00f1ero, intelectual y artista teatral, encarn\u00f3 su m\u00e1xima de que la cultura nacional es sin\u00f3nimo de lucha\u2026 La derrota de 1967 lo conmocion\u00f3 y lo llev\u00f3 a unirse a las filas del Frente en el \u00e1mbito del trabajo exterior tras conocer al compa\u00f1ero Wadie Haddad en Cuba. Asumi\u00f3 el trabajo del Frente en las operaciones exteriores en Europa y se puso al servicio de la lucha del Frente todas sus capacidades, su experiencia &hellip;"}

República de Palestina

<blockquote class="wp-embedded-content" data-secret="I0o0MPDb6L"><a href="https://republicpalestine.com/es/2025/06/30/los-cuerpos-caen-pero-la-idea-permanece/">«Los cuerpos caen pero la idea permanece»</a></blockquote><iframe sandbox="allow-scripts" security="restricted" src="https://republicpalestine.com/es/2025/06/30/los-cuerpos-caen-pero-la-idea-permanece/embed/#?secret=I0o0MPDb6L" width="600" height="338" title="««Los cuerpos caen pero la idea permanece»» — República de Palestina" data-secret="I0o0MPDb6L" frameborder="0" marginwidth="0" marginheight="0" scrolling="no" class="wp-embedded-content"></iframe><script>
/*! This file is auto-generated */
!function(d,l){"use strict";l.querySelector&&d.addEventListener&&"undefined"!=typeof URL&&(d.wp=d.wp||{},d.wp.receiveEmbedMessage||(d.wp.receiveEmbedMessage=function(e){var t=e.data;if((t||t.secret||t.message||t.value)&&!/[^a-zA-Z0-9]/.test(t.secret)){for(var s,r,n,a=l.querySelectorAll('iframe[data-secret="'+t.secret+'"]'),o=l.querySelectorAll('blockquote[data-secret="'+t.secret+'"]'),c=new RegExp("^https?:$","i"),i=0;i<o.length;i++)o[i].style.display="none";for(i=0;i<a.length;i++)s=a[i],e.source===s.contentWindow&&(s.removeAttribute("style"),"height"===t.message?(1e3<(r=parseInt(t.value,10))?r=1e3:~~r<200&&(r=200),s.height=r):"link"===t.message&&(r=new URL(s.getAttribute("src")),n=new URL(t.value),c.test(n.protocol))&&n.host===r.host&&l.activeElement===s&&(d.top.location.href=t.value))}},d.addEventListener("message",d.wp.receiveEmbedMessage,!1),l.addEventListener("DOMContentLoaded",function(){for(var e,t,s=l.querySelectorAll("iframe.wp-embedded-content"),r=0;r<s.length;r++)(t=(e=s[r]).getAttribute("data-secret"))||(t=Math.random().toString(36).substring(2,12),e.src+="#?secret="+t,e.setAttribute("data-secret",t)),e.contentWindow.postMessage({message:"ready",secret:t},"*")},!1)))}(window,document);
</script>

ٍSe cumplen 52 años del martirio del icono de las revoluciones argelina y palestina, el compañero y líder mártir Mohamed Boudia, o Abu Diyaa, como le apodaba nuestro compañero Wadie Haddad. El camarada Mohamed Boudia nació en 1932 en el barrio de la Casba, en Argel, capital de Argelia. Se unió a la revolución argelina y se convirtió en responsable de la célula de París, que llevó a cabo varias operaciones contra el colonialismo francés y sus intereses entre 1957 y 1958, año en que fue detenido en Francia y condenado a 20 años de prisión. tres años mas tarde y, tras la independencia de Argelia, regresó a su país para convertirse en director del Teatro Nacional Argelino, cuyos ingresos durante la temporada estival destinaba a Palestina.El compañero, intelectual y artista teatral, encarnó su máxima de que la cultura nacional es sinónimo de lucha… La derrota de 1967 lo conmocionó y lo llevó a unirse a las filas del Frente en el ámbito del trabajo exterior tras conocer al compañero Wadie Haddad en Cuba. Asumió el trabajo del Frente en las operaciones exteriores en Europa y se puso al servicio de la lucha del Frente todas sus capacidades, su experiencia &hellip;
