{"version":"1.0","provider_name":"Rep\u00fablica de Palestina","provider_url":"https:\/\/republicpalestine.com\/es","author_name":"RepublicofPalestine","author_url":"https:\/\/republicpalestine.com\/es\/author\/jmhoriaadmin\/","title":"Acerca de un Hombre llamado: Am\u00edlcar Cabral","type":"rich","width":600,"height":338,"html":"<blockquote class=\"wp-embedded-content\" data-secret=\"WuEGw21MlM\"><a href=\"https:\/\/republicpalestine.com\/es\/2025\/07\/22\/acerca-de-un-hombre-llamado-amilcar-cabral\/\">Acerca de un Hombre llamado: Am\u00edlcar Cabral<\/a><\/blockquote><iframe sandbox=\"allow-scripts\" security=\"restricted\" src=\"https:\/\/republicpalestine.com\/es\/2025\/07\/22\/acerca-de-un-hombre-llamado-amilcar-cabral\/embed\/#?secret=WuEGw21MlM\" width=\"600\" height=\"338\" title=\"\u00abAcerca de un Hombre llamado: Am\u00edlcar Cabral\u00bb \u2014 Rep\u00fablica de Palestina\" data-secret=\"WuEGw21MlM\" frameborder=\"0\" marginwidth=\"0\" marginheight=\"0\" scrolling=\"no\" class=\"wp-embedded-content\"><\/iframe><script>\n\/*! This file is auto-generated *\/\n!function(d,l){\"use strict\";l.querySelector&&d.addEventListener&&\"undefined\"!=typeof URL&&(d.wp=d.wp||{},d.wp.receiveEmbedMessage||(d.wp.receiveEmbedMessage=function(e){var t=e.data;if((t||t.secret||t.message||t.value)&&!\/[^a-zA-Z0-9]\/.test(t.secret)){for(var s,r,n,a=l.querySelectorAll('iframe[data-secret=\"'+t.secret+'\"]'),o=l.querySelectorAll('blockquote[data-secret=\"'+t.secret+'\"]'),c=new RegExp(\"^https?:$\",\"i\"),i=0;i<o.length;i++)o[i].style.display=\"none\";for(i=0;i<a.length;i++)s=a[i],e.source===s.contentWindow&&(s.removeAttribute(\"style\"),\"height\"===t.message?(1e3<(r=parseInt(t.value,10))?r=1e3:~~r<200&&(r=200),s.height=r):\"link\"===t.message&&(r=new URL(s.getAttribute(\"src\")),n=new URL(t.value),c.test(n.protocol))&&n.host===r.host&&l.activeElement===s&&(d.top.location.href=t.value))}},d.addEventListener(\"message\",d.wp.receiveEmbedMessage,!1),l.addEventListener(\"DOMContentLoaded\",function(){for(var e,t,s=l.querySelectorAll(\"iframe.wp-embedded-content\"),r=0;r<s.length;r++)(t=(e=s[r]).getAttribute(\"data-secret\"))||(t=Math.random().toString(36).substring(2,12),e.src+=\"#?secret=\"+t,e.setAttribute(\"data-secret\",t)),e.contentWindow.postMessage({message:\"ready\",secret:t},\"*\")},!1)))}(window,document);\n<\/script>\n","thumbnail_url":"https:\/\/republicpalestine.com\/es\/wp-content\/uploads\/sites\/3\/2025\/07\/c87997e0-440e-4e51-ac8e-294f4891e8e4.jpeg","thumbnail_width":1080,"thumbnail_height":1350,"description":"Por: Asmaa Faisal Awwad Mientras la hambruna est\u00e1 desvolviendo las barrigas de los gazaties, las organizaciones internacionales est\u00e1n ocupadas analizando los porcentajes y estableciendo los criterios para declarar de una forma pol\u00edtica de una \u00abhambruna inminente\u00bb, como prefieren llamarla, tenemos una tarea educativa (imponiendo un ojo) que une las luchas de los pueblos del Sur global, leyendo los movimientos de liberaci\u00f3n y sus s\u00edmbolos, una lectura abierta, audaz e inteligente capaz de hacer que nuestro esp\u00edritu de lucha sea m\u00e1s largo y m\u00e1s profundo, y nuestra creencia en la resistencia es inquebrantable. Consultaba una publicaci\u00f3n de la editorial libanesa Dar Ibn Khaldun (cuya existencia actual desconozco) sobre Guinea-Bissau y las Islas de Cabo Verde. La publicaci\u00f3n, perteneciente a la serie \u201cThe Fighter\u2019s Guide\u201d sobre las Experiencias de los Movimientos de Liberaci\u00f3n Nacional, primera edici\u00f3n &#8211; abril de 1975, analizaba la experiencia de las zonas liberadas. Guinea, uno de los cuatro pa\u00edses que comparten este nombre en el mundo, es una naci\u00f3n de reducida extensi\u00f3n. Actualmente, su poblaci\u00f3n ronda los dos millones de habitantes. A mediados de la d\u00e9cada de 1970, la cifra apenas alcanzaba los 800.000, de los cuales 150.000 se vieron obligados a buscar refugio en Senegal, la Rep\u00fablica &hellip;"}

República de Palestina

Acerca de un Hombre llamado: Amílcar Cabral

<blockquote class="wp-embedded-content" data-secret="WuEGw21MlM"><a href="https://republicpalestine.com/es/2025/07/22/acerca-de-un-hombre-llamado-amilcar-cabral/">Acerca de un Hombre llamado: Amílcar Cabral</a></blockquote><iframe sandbox="allow-scripts" security="restricted" src="https://republicpalestine.com/es/2025/07/22/acerca-de-un-hombre-llamado-amilcar-cabral/embed/#?secret=WuEGw21MlM" width="600" height="338" title="«Acerca de un Hombre llamado: Amílcar Cabral» — República de Palestina" data-secret="WuEGw21MlM" frameborder="0" marginwidth="0" marginheight="0" scrolling="no" class="wp-embedded-content"></iframe><script>
/*! This file is auto-generated */
!function(d,l){"use strict";l.querySelector&&d.addEventListener&&"undefined"!=typeof URL&&(d.wp=d.wp||{},d.wp.receiveEmbedMessage||(d.wp.receiveEmbedMessage=function(e){var t=e.data;if((t||t.secret||t.message||t.value)&&!/[^a-zA-Z0-9]/.test(t.secret)){for(var s,r,n,a=l.querySelectorAll('iframe[data-secret="'+t.secret+'"]'),o=l.querySelectorAll('blockquote[data-secret="'+t.secret+'"]'),c=new RegExp("^https?:$","i"),i=0;i<o.length;i++)o[i].style.display="none";for(i=0;i<a.length;i++)s=a[i],e.source===s.contentWindow&&(s.removeAttribute("style"),"height"===t.message?(1e3<(r=parseInt(t.value,10))?r=1e3:~~r<200&&(r=200),s.height=r):"link"===t.message&&(r=new URL(s.getAttribute("src")),n=new URL(t.value),c.test(n.protocol))&&n.host===r.host&&l.activeElement===s&&(d.top.location.href=t.value))}},d.addEventListener("message",d.wp.receiveEmbedMessage,!1),l.addEventListener("DOMContentLoaded",function(){for(var e,t,s=l.querySelectorAll("iframe.wp-embedded-content"),r=0;r<s.length;r++)(t=(e=s[r]).getAttribute("data-secret"))||(t=Math.random().toString(36).substring(2,12),e.src+="#?secret="+t,e.setAttribute("data-secret",t)),e.contentWindow.postMessage({message:"ready",secret:t},"*")},!1)))}(window,document);
</script>

Por: Asmaa Faisal Awwad Mientras la hambruna está desvolviendo las barrigas de los gazaties, las organizaciones internacionales están ocupadas analizando los porcentajes y estableciendo los criterios para declarar de una forma política de una «hambruna inminente», como prefieren llamarla, tenemos una tarea educativa (imponiendo un ojo) que une las luchas de los pueblos del Sur global, leyendo los movimientos de liberación y sus símbolos, una lectura abierta, audaz e inteligente capaz de hacer que nuestro espíritu de lucha sea más largo y más profundo, y nuestra creencia en la resistencia es inquebrantable. Consultaba una publicación de la editorial libanesa Dar Ibn Khaldun (cuya existencia actual desconozco) sobre Guinea-Bissau y las Islas de Cabo Verde. La publicación, perteneciente a la serie “The Fighter’s Guide” sobre las Experiencias de los Movimientos de Liberación Nacional, primera edición &#8211; abril de 1975, analizaba la experiencia de las zonas liberadas. Guinea, uno de los cuatro países que comparten este nombre en el mundo, es una nación de reducida extensión. Actualmente, su población ronda los dos millones de habitantes. A mediados de la década de 1970, la cifra apenas alcanzaba los 800.000, de los cuales 150.000 se vieron obligados a buscar refugio en Senegal, la República &hellip;
